 common divisor of 257725 and 1425?
25
What is the greatest common factor of 13 and 860899?
13
What is the greatest common divisor of 1344 and 46676?
28
What is the greatest common factor of 3940 and 188?
4
Calculate the greatest common divisor of 4735 and 617444.
947
Calculate the highest common divisor of 153952 and 408.
136
What is the highest common divisor of 91383 and 9213?
249
Calculate the highest common divisor of 7312 and 136.
8
What is the greatest common divisor of 1728 and 32076?
108
Calculate the highest common factor of 91764 and 36.
36
What is the greatest common factor of 5337 and 109705?
593
Calculate the highest common factor of 4392 and 39467.
61
Calculate the highest common factor of 489 and 57.
3
Calculate the greatest common divisor of 13692 and 651.
21
What is the greatest common factor of 60 and 190780?
20
What is the greatest common factor of 343 and 17157?
7
What is the highest common factor of 451 and 5709?
11
Calculate the greatest common divisor of 149 and 64.
1
What is the greatest common factor of 64 and 55108?
4
Calculate the greatest common factor of 1406 and 190.
38
Calculate the greatest common factor of 492 and 122532.
12
What is the greatest common factor of 155850 and 30?
30
What is the highest common factor of 404 and 76?
4
What is the highest common factor of 71 and 2179913?
71
Calculate the greatest common factor of 34272 and 26418.
714
Calculate the greatest common factor of 138 and 34178.
46
Calculate the highest common factor of 198 and 817542.
198
What is the highest common factor of 248423 and 1771?
161
What is the highest common divisor of 604 and 1057604?
604
What is the highest common divisor of 6460 and 4940?
380
What is the greatest common factor of 18627 and 81?
3
Calculate the highest common factor of 215 and 14018.
43
What is the greatest common divisor of 2166 and 3064168?
722
What is the greatest common factor of 3264 and 391?
17
Calculate the greatest common divisor of 3015 and 211635.
45
What is the highest common factor of 841586 and 38?
38
Calculate the greatest common divisor of 320 and 297184.
32
What is the highest common factor of 40005 and 2016?
63
What is the highest common factor of 155 and 57567?
31
Calculate the highest common divisor of 1416 and 512.
8
Calculate the greatest common factor of 64 and 1432.
8
Calculate the highest common factor of 710 and 250.
10
Calculate the greatest common divisor of 2000 and 251500.
500
What is the highest common divisor of 20169 and 83?
83
Calculate the highest common factor of 17429 and 29.
29
Calculate the greatest common divisor of 68 and 826948.
68
What is the greatest common factor of 56601 and 3819?
57
Calculate the greatest common divisor of 141027 and 174.
87
What is the greatest common factor of 646038 and 88783?
1889
Calculate the greatest common factor of 136 and 453976.
8
Calculate the highest common factor of 1749 and 291129.
159
What is the highest common divisor of 3377 and 44?
11
What is the highest common factor of 2745 and 370?
5
What is the greatest common factor of 262 and 3570274?
262
Calculate the highest common divisor of 552 and 6256.
184
Calculate the greatest common factor of 11 and 3141941.
11
Calculate the greatest common factor of 4394 and 1534.
26
Calculate the greatest common factor of 309024 and 67744.
928
What is the highest common factor of 362106 and 9?
9
Calculate the greatest common divisor of 16786 and 12.
2
Calculate the greatest common divisor of 361 and 38.
19
What is the greatest common divisor of 7464 and 72?
24
What is the highest common divisor of 605661 and 14707?
1337
Calculate the highest common factor of 248 and 703080.
248
What is the greatest common factor of 406256 and 48?
16
What is the highest common divisor of 22368 and 864?
96
Calculate the highest common factor of 107664 and 24.
24
Calculate the greatest common factor of 774084 and 5020.
1004
What is the highest common factor of 6246802 and 354?
118
Calculate the highest common factor of 168 and 11459784.
168
Calculate the greatest common factor of 26 and 32227.
13
What is the highest common factor of 3954 and 844838?
1318
What is the highest common divisor of 5 and 64830?
5
What is the highest common divisor of 372 and 907116?
12
What is the highest common factor of 7 and 157619?
7
What is the greatest common divisor of 4428 and 9348?
492
What is the greatest common factor of 148 and 26529?
37
What is the highest common divisor of 162948 and 1036?
148
Calculate the greatest common divisor of 30 and 395.
5
What is the highest common divisor of 10380 and 48?
12
Calculate the greatest common divisor of 2870 and 138530.
70
What is the highest common divisor of 1947181 and 61?
61
What is the greatest common divisor of 15 and 2711595?
15
Calculate the greatest common factor of 102712 and 8.
8
What is the highest common factor of 816666 and 6?
6
Calculate the highest common divisor of 806393 and 686.
343
What is the greatest common divisor of 139930 and 770?
70
Calculate the greatest common factor of 1368 and 14117.
19
What is the greatest common factor of 850 and 3725?
25
What is the highest common factor of 59808 and 63?
21
What is the greatest common divisor of 28 and 5523308?
28
What is the greatest common divisor of 42542 and 956?
478
Calculate the greatest common divisor of 20 and 122260.
20
Calculate the greatest common divisor of 2023 and 217.
7
Calculate the greatest common factor of 11663 and 981.
109
Calculate the greatest common divisor of 165 and 3919212.
33
What is the greatest common divisor of 24 and 222252?
12
Calculate the greatest common divisor of 55 and 29678.
11
What is the greatest common divisor of 46656 and 22842?
486
What is the greatest common divisor of 80962 and 392?
14
What is the greatest common divisor of 94 and 116748?
94
What is the highest common divisor of 16935 and 15?
15
What is the highest common divisor of 1796 and 50737?
449
What is the highest common factor of 2573 and 1116?
31
Calculate the greatest common factor of 15510 and 594.
66
What is the highest common factor of 396 and 64196?
44
What is the highest common factor of 8144 and 656?
16
What is the greatest common divisor of 239 and 130255?
239
Calculate the greatest common factor of 290270 and 130.
10
Calculate the highest common factor of 6160 and 2865940.
1540
What is the greatest common divisor of 30 and 123085?
5
Calculate the greatest common divisor of 1533 and 15549.
219
Calculate the highest common divisor of 75 and 276405.
15
Calculate the highest common factor of 18954 and 104.
26
What is the highest common factor of 176615 and 5?
5
What is the greatest common factor of 36 and 415644?
12
Calculate the greatest common divisor of 1540 and 305228.
308
What is the greatest common divisor of 167426 and 28?
14
Calculate the greatest common factor of 36 and 33.
3
Calculate the highest common divisor of 15 and 55575.
15
Calculate the greatest common divisor of 812 and 48923.
203
What is the highest common factor of 5762 and 51514?
86
Calculate the highest common divisor of 216 and 117828.
108
What is the highest common divisor of 39 and 2100579?
39
Calculate the highest common factor of 15093 and 126.
9
Calculate the greatest common divisor of 154 and 157696.
154
Calculate the highest common divisor of 747439 and 476.
119
What is the greatest common factor of 62095 and 60?
5
Calculate the highest common factor of 704 and 407.
11
What is the greatest common factor of 2533 and 170?
17
Calculate the highest common factor of 152 and 9690456.
152
Calculate the highest common factor of 18268 and 8.
4
Calculate the greatest common factor of 24 and 1212.
12
Calculate the highest common divisor of 3168 and 1476.
36
What is the greatest common divisor of 1452 and 9372?
132
What is the highest common divisor of 115411 and 881?
881
What is the greatest common divisor of 221 and 18360?
17
What is the highest common divisor of 50 and 49120?
10
Calculate the highest common divisor of 37 and 1591.
37
Calculate the greatest common factor of 159660 and 10.
10
What is the greatest common divisor of 50 and 218?
2
Calculate the greatest common divisor of 101491 and 7215.
481
What is the highest common divisor of 346 and 7363918?
346
What is the greatest co